{"id":9167,"date":"2025-05-24T12:55:32","date_gmt":"2025-05-24T18:55:32","guid":{"rendered":"https:\/\/armsaguatemala.com\/?post_type=product&#038;p=9167"},"modified":"2025-05-26T13:05:09","modified_gmt":"2025-05-26T19:05:09","slug":"rifle-derya-tm22-sniper","status":"publish","type":"product","link":"https:\/\/armsaguatemala.com\/?product=rifle-derya-tm22-sniper","title":{"rendered":"RIFLE DERYA  TM22 SNIPER"},"content":{"rendered":"<h5><strong>RIFLE DERYA<\/strong><\/h5>\n<h5><strong>COMBO TM22 SNIPER<\/strong><\/h5>\n<h5><strong>MODELO TM22-A-18 TACTICO<\/strong><\/h5>\n<h5><strong>CALIBRE .22LR<\/strong><\/h5>\n<h5><strong>TOLVA DE 22 CARTUCHOS (INCLUYE 2)<\/strong><\/h5>\n<h5><strong>ACCION SEMI-AUTOMATICO<\/strong><\/h5>\n<h5><strong>CA\u00d1ON 457MM 18 PULGADAS<\/strong><\/h5>\n<h5><strong>MATERIAL ACERO Y POLYMERO<\/strong><\/h5>\n<h5><strong>CULATA EXTENDIBLE TIPO AR-15<\/strong><\/h5>\n<h5><strong>MIRA TELESCOPICA ILUMINADA 3-9 X40 (REQUIERE BATERIA CR2032 NO INCLUIDA)<\/strong><\/h5>\n<h5><strong>MIRAS AJUSTABLES TIPO AR-15<\/strong><\/h5>\n<h5><strong>PRECIO NO INCLUYE COSTO DE TENENCIA<\/strong><\/h5>\n<h4>Todas nuestras armas gozan de 1 a\u00f1o de garant\u00eda en su funcionamiento. No ofrecemos garant\u00eda sobre miras telesc\u00f3picas.<\/h4>\n<p><iframe title=\"17 September 2024\" width=\"1170\" height=\"878\" src=\"https:\/\/www.youtube.com\/embed\/THcg38J756s?feature=oembed\" frameborder=\"0\" allow=\"accelerometer; autoplay; clipboard-write; encrypted-media; gyroscope; picture-in-picture; web-share\" referrerpolicy=\"strict-origin-when-cross-origin\" allowfullscreen><\/iframe><\/p>\n","protected":false},"excerpt":{"rendered":"<p><strong>PRECIO NO INCLUYE COSTO TENENCIA,<br \/>\nVISA CUOTAS Y CREDI CUOTAS DISPONIBLES<\/strong><\/p>\n","protected":false},"featured_media":9168,"comment_status":"open","ping_status":"closed","template":"","meta":[],"product_cat":[43,160],"product_tag":[102,161,48,164],"_links":{"self":[{"href":"https:\/\/armsaguatemala.com\/index.php?rest_route=\/wp\/v2\/product\/9167"}],"collection":[{"href":"https:\/\/armsaguatemala.com\/index.php?rest_route=\/wp\/v2\/product"}],"about":[{"href":"https:\/\/armsaguatemala.com\/index.php?rest_route=\/wp\/v2\/types\/product"}],"replies":[{"embeddable":true,"href":"https:\/\/armsaguatemala.com\/index.php?rest_route=%2Fwp%2Fv2%2Fcomments&post=9167"}],"wp:featuredmedia":[{"embeddable":true,"href":"https:\/\/armsaguatemala.com\/index.php?rest_route=\/wp\/v2\/media\/9168"}],"wp:attachment":[{"href":"https:\/\/armsaguatemala.com\/index.php?rest_route=%2Fwp%2Fv2%2Fmedia&parent=9167"}],"wp:term":[{"taxonomy":"product_cat","embeddable":true,"href":"https:\/\/armsaguatemala.com\/index.php?rest_route=%2Fwp%2Fv2%2Fproduct_cat&post=9167"},{"taxonomy":"product_tag","embeddable":true,"href":"https:\/\/armsaguatemala.com\/index.php?rest_route=%2Fwp%2Fv2%2Fproduct_tag&post=9167"}],"curies":[{"name":"wp","href":"https:\/\/api.w.org\/{rel}","templated":true}]}}