{"id":9165,"date":"2025-05-24T12:46:57","date_gmt":"2025-05-24T18:46:57","guid":{"rendered":"https:\/\/armsaguatemala.com\/?post_type=product&#038;p=9165"},"modified":"2025-05-28T15:46:14","modified_gmt":"2025-05-28T21:46:14","slug":"rifle-derya-tm22-hunter","status":"publish","type":"product","link":"https:\/\/armsaguatemala.com\/?product=rifle-derya-tm22-hunter","title":{"rendered":"RIFLE DERYA  TM22 HUNTER"},"content":{"rendered":"<ul>\n<li>\n<h5><strong>RIFLE DERYA<\/strong><\/h5>\n<\/li>\n<li>\n<h5><strong>COMBO TM22 HUNTER<\/strong><\/h5>\n<\/li>\n<li>\n<h5><strong>MODELO TM22-A-18 STANDARD<\/strong><\/h5>\n<\/li>\n<li>\n<h5><strong>CALIBRE .22LR<\/strong><\/h5>\n<\/li>\n<li>\n<h5><strong>INCLUYE 3 TOLVAS! 1 DE 25 Y DOS DE 10 CARTUCHOS\u00a0<\/strong><\/h5>\n<\/li>\n<li>\n<h5><strong>ACCION SEMI-AUTOMATICO<\/strong><\/h5>\n<\/li>\n<li>\n<h5><strong>CA\u00d1ON 457MM 18 PULGADAS<\/strong><\/h5>\n<\/li>\n<li>\n<h5><strong>MATERIAL ACERO Y POLYMERO<\/strong><\/h5>\n<\/li>\n<li>\n<h5><strong>CULATA FIJA<\/strong><\/h5>\n<\/li>\n<li>\n<h5><strong>MIRA TELESCOPICA ILUMINADA 3-9 X40 (REQUIERE BATERIA CR2032 NO INCLUIDA)<\/strong><\/h5>\n<\/li>\n<li>\n<h5><strong>MIRAS AJUSTABLES<\/strong><\/h5>\n<\/li>\n<li>\n<h5><strong>PRECIO NO INCLUYE COSTO DE TENENCIA<\/strong><\/h5>\n<\/li>\n<li>\n<h4>Todas nuestras armas gozan de 1 a\u00f1o de garant\u00eda en su funcionamiento. No ofrecemos garant\u00eda sobre miras telesc\u00f3picas.<\/h4>\n<\/li>\n<\/ul>\n<p><iframe title=\"29 de octubre de 2024\" width=\"1170\" height=\"658\" src=\"https:\/\/www.youtube.com\/embed\/ZN4AfZddBic?feature=oembed\" frameborder=\"0\" allow=\"accelerometer; autoplay; clipboard-write; encrypted-media; gyroscope; picture-in-picture; web-share\" referrerpolicy=\"strict-origin-when-cross-origin\" allowfullscreen><\/iframe><\/p>\n","protected":false},"excerpt":{"rendered":"<h1><strong>INCLUYE 1 TOLVA DE 25 TIROS DOS DE 10 Y MIRA TELESCOPICA!!<\/strong><\/h1>\n<p><strong>PRECIO NO INCLUYE COSTO TENENCIA,<br \/>\nVISA CUOTAS Y CREDI CUOTAS DISPONIBLES<\/strong><\/p>\n","protected":false},"featured_media":9300,"comment_status":"open","ping_status":"closed","template":"","meta":[],"product_cat":[43,160],"product_tag":[102,161,48,164],"_links":{"self":[{"href":"https:\/\/armsaguatemala.com\/index.php?rest_route=\/wp\/v2\/product\/9165"}],"collection":[{"href":"https:\/\/armsaguatemala.com\/index.php?rest_route=\/wp\/v2\/product"}],"about":[{"href":"https:\/\/armsaguatemala.com\/index.php?rest_route=\/wp\/v2\/types\/product"}],"replies":[{"embeddable":true,"href":"https:\/\/armsaguatemala.com\/index.php?rest_route=%2Fwp%2Fv2%2Fcomments&post=9165"}],"wp:featuredmedia":[{"embeddable":true,"href":"https:\/\/armsaguatemala.com\/index.php?rest_route=\/wp\/v2\/media\/9300"}],"wp:attachment":[{"href":"https:\/\/armsaguatemala.com\/index.php?rest_route=%2Fwp%2Fv2%2Fmedia&parent=9165"}],"wp:term":[{"taxonomy":"product_cat","embeddable":true,"href":"https:\/\/armsaguatemala.com\/index.php?rest_route=%2Fwp%2Fv2%2Fproduct_cat&post=9165"},{"taxonomy":"product_tag","embeddable":true,"href":"https:\/\/armsaguatemala.com\/index.php?rest_route=%2Fwp%2Fv2%2Fproduct_tag&post=9165"}],"curies":[{"name":"wp","href":"https:\/\/api.w.org\/{rel}","templated":true}]}}